151*v + 1364. Give h(9).
86
Let l(z) = -1177*z + 5944. What is l(5)?
59
Let u(h) = -16*h**2 + 3236*h + 12914. Calculate u(-4).
-286
Let s(i) = -i**3 + 9*i**2 - 77*i + 309. Calculate s(4).
81
Let v(t) = -23*t**2 - 460*t + 8848. Determine v(-32).
16
Let i(v) = 919804*v - 13797040. Calculate i(15).
20
Let d(b) = -193*b**2 - 7593*b - 2616. Determine d(-39).
-42
Let y(v) = 9*v**2 + 4*v + 15. Determine y(1).
28
Let o(r) = r**3 - 162*r**2 - 11401*r + 1319. What is o(215)?
29
Let b(r) = -7437*r + 237967. Calculate b(32).
-17
Let l(x) = -62*x**2 + 214*x - 10. What is l(3)?
74
Let x(z) = 650158*z + 1950470. Calculate x(-3).
-4
Let k(o) = -o**2 + 20592*o - 246971. Determine k(12).
-11
Let v(w) = -63*w - 333. Determine v(-2).
-207
Let q(z) = -313166*z - 3444950. Give q(-11).
-124
Let o(n) = 460857*n - 460893. Determine o(1).
-36
Let u(g) = 1390*g - 11208. What is u(8)?
-88
Let w(d) = -2*d**3 + 217*d**2 + 101*d + 346. Determine w(109).
-526
Let s(p) = 3*p**3 - 12*p**2 + 2667*p - 10639. Give s(4).
29
Let m(o) = 641*o**2 + 5868*o + 897. Determine m(-9).
6
Let c(z) = -z**3 + 16*z**2 + 342*z + 1260. Determine c(-7).
-7
Let q(p) = 3410*p - 17425. Determine q(5).
-375
Let j(u) = -u**3 + 81*u**2 - 1046*u + 28654. Calculate j(72).
-2
Let t(r) = -33*r**3 - 15*r**2 + 55*r - 33. Determine t(0).
-33
Let m(g) = -36*g**2 + 1337*g - 130. Give m(37).
55
Let i(t) = -15171*t - 151797. Give i(-10).
-87
Let i(r) = 6908*r + 856582. Calculate i(-124).
-10
Let k(w) = 60778*w + 2188003. Calculate k(-36).
-5
Let y(m) = -20098*m + 5848523. Give y(291).
5
Let d(u) = 5*u**2 + 591*u + 11083. Determine d(-18).
2065
Let u(i) = 329*i**2 + 11194*i + 326. Give u(-34).
54
Let r(j) = j**3 - 12*j**2 - 621*j - 3637. Determine r(-8).
51
Let z(i) = 2*i**3 + 346*i**2 + 2*i + 232. Calculate z(-173).
-114
Let y(c) = 106721*c - 960524. What is y(9)?
-35
Let y(n) = n**3 + 29*n**2 - 48*n - 483. Determine y(-30).
57
Let y(x) = -20190*x - 100944. What is y(-5)?
6
Let i(m) = -6*m**3 + 14*m**2 - 2*m - 211. Give i(7).
-1597
Let d(y) = 271*y**2 + 3321*y + 826. Calculate d(-12).
-2
Let f(b) = 190*b**2 + 23*b + 19. Give f(-1).
186
Let k(r) = -2*r**2 - 247*r - 2026. Give k(-118).
-728
Let l(u) = u**3 - 353*u**2 - 34*u + 11995. What is l(353)?
-7
Let m(d) = 584*d - 10130. Give m(20).
1550
Let h(a) = -77*a**3 + 241*a**2 + 575*a + 10. Calculate h(5).
-715
Let b(c) = -13*c**2 + 166*c + 1091. Calculate b(-5).
-64
Let o(p) = -p**3 + 42*p**2 - 4906*p + 168846. What is o(36)?
6
Let p(n) = -2575*n**2 - 2468*n + 102. Give p(-1).
-5
Let b(m) = -23922*m - 119589. Give b(-5).
21
Let h(m) = 28*m**2 + 115*m + 16. Calculate h(-4).
4
Let s(l) = 19*l**2 - 13*l - 22. Calculate s(-2).
80
Let i(w) = w**3 + 53*w**2 + 517*w - 45. What is i(-13)?
-6
Let o(h) = h**3 - 63*h**2 - 142*h + 1117. What is o(65)?
337
Let i(x) = -10823*x + 21722. Give i(2).
76
Let i(g) = -g**3 + 49*g**2 - 1044*g + 75566. Determine i(55).
-4
Let a(i) = 317*i + 2673. What is a(-9)?
-180
Let l(r) = -r**3 + 236*r**2 - 8620*r + 4767. Determine l(191).
-8
Let a(f) = -19623*f - 8. What is a(0)?
-8
Let b(c) = -3*c**2 - 41*c + 1395. What is b(15)?
105
Let f(s) = s**3 + 4*s**2 + 53*s - 12. Determine f(8).
1180
Let p(i) = -348363*i**2 - 348425*i - 1. Give p(-1).
61
Let f(g) = -303*g**2 - 803*g + 805. Calculate f(1).
-301
Let m(b) = 14*b**2 + 4889*b + 23996. Give m(-5).
-99
Let m(h) = -4*h**3 - 168*h**2 + 7*h + 1158. What is m(-42)?
864
Let y(u) = u**3 + u**2 - 923*u + 2739. Determine y(3).
6
Let q(z) = -z**3 - 40*z**2 + 66*z + 2641. What is q(-40)?
1
Let b(l) = 4*l**3 + 1486*l**2 + 130872*l. Give b(-228).
0
Let a(i) = -443*i + 31309. Calculate a(71).
-144
Let y(i) = 1633*i - 723413. Determine y(443).
6
Let a(u) = -3635*u - 43095. Determine a(-12).
525
Let r(c) = -265*c - 24959. What is r(-94)?
-49
Let s(q) = -8065*q - 88046. Give s(-11).
669
Let l(z) = -177884*z - 533615. Determine l(-3).
37
Let o(c) = -c**3 - 64*c**2 + 457*c + 7720. Calculate o(-69).
-8
Let i(o) = 4*o**3 - 39*o**2 + 382*o - 885. What is i(3)?
18
Let b(d) = -39150*d + 783008. Give b(20).
8
Let d(g) = -352496*g + 8. Give d(0).
8
Let x(m) = -5*m**2 + 6587*m + 90490. Give x(1331).
-18
Let w(a) = -57303*a - 171638. What is w(-3)?
271
Let y(l) = 361*l - 147284. What is y(408)?
4
Let o(g) = -67*g + 2111. Calculate o(6).
1709
Let x(o) = -370*o**2 - 4737*o + 6206. Give x(-14).
4
Let v(p) = 106*p - 38867. Determine v(367).
35
Let t(h) = -4*h**3 - 32*h**2 + 7338*h + 65724. Give t(-9).
6
Let u(p) = -p**3 - 48*p**2 + 14*p + 306. Give u(-48).
-366
Let g(d) = -20241*d - 11537361. Calculate g(-570).
9
Let n(a) = 17729*a + 780138. Calculate n(-44).
62
Let t(o) = 1988*o - 73556. Calculate t(37).
0
Let z(u) = 9*u**2 - 7*u - 287. Calculate z(0).
-287
Let u(l) = -l**2 - 1998*l - 5975. Give u(-3).
10
Let o(a) = 558*a**2 + 2355*a + 10. Give o(-4).
-482
Let n(f) = -29*f**2 + 14260*f + 3951. Determine n(492).
15
Let w(b) = 8*b**2 + 460*b + 88. What is w(-57)?
-140
Let u(t) = -1429*t + 311565. Determine u(218).
43
Let k(q) = -q**3 + 42*q**2 - 140*q - 1271. What is k(-4)?
25
Let n(u) = -724*u + 8383. Determine n(12).
-305
Let v(f) = 3*f**3 - 77*f**2 - 859*f + 26. Give v(-10).
-2084
Let r(b) = 5*b**2 + 223*b - 430. Determine r(-20).
-2890
Let w(h) = h**3 + 233*h**2 - h + 90. What is w(0)?
90
Let l(d) = 10324*d**2 + 72268*d + 4. Give l(-7).
4
Let l(z) = 47*z**2 - 962*z + 1318. Calculate l(19).
7
Let c(j) = 29*j**2 - 273*j + 546. Calculate c(2).
116
Let c(n) = 4380*n - 95644. Determine c(22).
716
Let s(x) = 4*x**3 + 1053*x**2 + 263*x + 54. Give s(-263).
54
Let x(p) = 19*p**2 - 199*p + 84. What is x(11)?
194
Let o(j) = -135746*j - 5701326. Give o(-42).
6
Let h(k) = -59868*k + 838148. What is h(14)?
-4
Let c(f) = f**3 - 39*f**2 - 26*f - 909. Determine c(40).
-349
Let t(k) = -5652*k + 254323. Give t(45).
-17
Let j(m) = 2043*m - 2191. Give j(1).
-148
Let k(b) = -b**3 - 19*b**2 + 108*b + 204. Give k(-19).
-1848
Let g(s) = -290*s - 26415. Determine g(-91).
-25
Let h(k) = 1403*k**2 - 868*k - 868. What is h(-1)?
1403
Let v(g) = g**3 + 41*g**2 - 714*g + 2134. Calculate v(4).
-2
Let y(p) = p**2 + 42*p - 15953. Calculate y(107).
-10
Let z(s) = -2*s**3 - 295*s**2 - 405*s + 4614. Calculate z(-146).
-204
Let n(k) = -140*k**2 - 35703*k - 677. Give n(-255).
88
Let m(j) = -363063*j + 1089055. Calculate m(3).
-134
Let a(o) = 1226*o - 43983. What is a(35)?
-1073
Let x(j) = -13*j**3 - 2*j**2 - 4*j - 2437. Give x(0).
-2437
Let h(t) = -t**3 + 35*t**2 + 646*t - 768. What is h(48)?
288
Let p(f) = 94*f + 8611. Calculate p(-95).
-319
Let v(o) = 72311*o + 2386440. Give v(-33).
177
Let g(w) = w**2 + 35*w - 188. What is g(-18)?
-494
Let t(d) = 6*d**2 + 84*d + 211. What is t(-13)?
133
Let r(z) = -5*z**3 + 137*z**2 + 138*z - 1242. Calculate r(28).
270
Let l(u) = -3*u**2 + 7581*u - 3308768. What is l(561)?
10
Let u(t) = t**3 + 120*t**2 - 14628*t - 534. Calculate u(-195).
51
Let a(s) = -245903*s - 1475388. Give a(-6).
30
Let z(a) = a**2 - 5835*a - 52598. Give z(-9).
-2
Let j(f) = -f**2 - 1099*f + 41421. Calculate j(36).
561
Let x(a) = -116325*a + 465284. Give x(4).
-16
Let r(k) = 3*k**2 - 1146*k - 102743. Give r(-75).
82
Let w(n) = 309*n**2 - 2456*n + 10. What is w(8)?
138
Let s(k) = 6*k**3 - 422*k**2 + 394*k + 10894. Determine s(69).
-8
Let g(o) = 1424*o - 168727. Determine g(119).
729
Let r(p) = 25714*p - 899987. What is r(35)?
3
Let t(j) = 2*j**2 - 67*j - 46736. Determine t(-137).
-19
Let n(z) = 9*z**3 - 48*z - 223. Determine n(-5).
-1108
Let b(g) = -7*g**2 + 33*g - 430. Determine b(14).
-1340
Let n(y) = y**2 - 1717*y + 17118. Determine n(10).
48
Let f(m) = 3*m**2 + 283*m - 1051. Calculate f(-98).
27
Let l(h) = h**3 - 9*h**2 + 149*h - 809. Calculate l(7).
136
Let q(s) = 15*s**2 + 201*s + 739. Calculate q(-4).
175
Let t(g) = -g**3 - 17*g**2 - 74*g - 59. Give t(-10).
-19
Let z(t) = 2*t**3 - 16*t**2 - 1302*t + 7954. Calculate z(6).
-2
Let d(n) = -n**3 - 201*n**2 + 217*n + 1753. What is d(-202)?
-1277
Let n(y) = -170*y**3 + 6289*y**2 + 70*y - 1200. Calculate n(37).
21
Let v(t) = -311*t - 8007. Determine v(-25).
-232
Let f(u) = -4132*u - 475094. Calculate f(-115).
86
Let u(g) = 2*g**2 - 1148*g + 5692. Give u(5).
2
Let p(x) = x**3 - 13*x**2 + 8260*x - 82315. Give p(10).
-15
Let w(g) = -26*g**2 - 48*g - 313. What is w(-8)?
-1593
Let m(n) = -31933*n + 1628592. Cal